ate the remainder when 120 is divided by 11.
10
Calculate the remainder when 731 is divided by 200.
131
What is the remainder when 102 is divided by 71?
31
Calculate the remainder when 625 is divided by 56.
9
Calculate the remainder when 1267 is divided by 109.
68
Calculate the remainder when 441 is divided by 199.
43
Calculate the remainder when 1302 is divided by 432.
6
What is the remainder when 3617 is divided by 18?
17
What is the remainder when 7898 is divided by 3944?
10
What is the remainder when 135 is divided by 67?
1
Calculate the remainder when 493 is divided by 37.
12
What is the remainder when 447 is divided by 11?
7
What is the remainder when 49 is divided by 4?
1
Calculate the remainder when 1841 is divided by 24.
17
Calculate the remainder when 785 is divided by 202.
179
What is the remainder when 5637 is divided by 376?
373
What is the remainder when 93 is divided by 47?
46
What is the remainder when 61 is divided by 16?
13
Calculate the remainder when 46 is divided by 8.
6
What is the remainder when 6 is divided by 3?
0
Calculate the remainder when 24357 is divided by 168.
165
Calculate the remainder when 10 is divided by 6.
4
Calculate the remainder when 66 is divided by 52.
14
What is the remainder when 3069 is divided by 128?
125
What is the remainder when 7718 is divided by 31?
30
What is the remainder when 214 is divided by 18?
16
What is the remainder when 56 is divided by 55?
1
Calculate the remainder when 219 is divided by 70.
9
What is the remainder when 201 is divided by 51?
48
What is the remainder when 361 is divided by 13?
10
Calculate the remainder when 399 is divided by 16.
15
Calculate the remainder when 73 is divided by 17.
5
What is the remainder when 1047 is divided by 517?
13
Calculate the remainder when 1799 is divided by 50.
49
What is the remainder when 30 is divided by 16?
14
What is the remainder when 517 is divided by 154?
55
Calculate the remainder when 273 is divided by 29.
12
What is the remainder when 355 is divided by 19?
13
What is the remainder when 1248 is divided by 193?
90
Calculate the remainder when 165 is divided by 74.
17
What is the remainder when 15571 is divided by 12?
7
What is the remainder when 182 is divided by 23?
21
Calculate the remainder when 908 is divided by 101.
100
Calculate the remainder when 66 is divided by 28.
10
Calculate the remainder when 2110 is divided by 44.
42
What is the remainder when 57187 is divided by 215?
212
What is the remainder when 114 is divided by 31?
21
Calculate the remainder when 1594 is divided by 55.
54
Calculate the remainder when 48 is divided by 14.
6
Calculate the remainder when 58 is divided by 8.
2
What is the remainder when 1035 is divided by 8?
3
Calculate the remainder when 1066 is divided by 12.
10
What is the remainder when 1735 is divided by 550?
85
What is the remainder when 31 is divided by 25?
6
Calculate the remainder when 397 is divided by 103.
88
Calculate the remainder when 72 is divided by 40.
32
What is the remainder when 2995 is divided by 37?
35
Calculate the remainder when 202 is divided by 46.
18
Calculate the remainder when 190 is divided by 88.
14
Calculate the remainder when 1593 is divided by 84.
81
Calculate the remainder when 40 is divided by 23.
17
What is the remainder when 181 is divided by 98?
83
What is the remainder when 2046 is divided by 64?
62
What is the remainder when 572 is divided by 45?
32
Calculate the remainder when 1915 is divided by 74.
65
What is the remainder when 127 is divided by 53?
21
Calculate the remainder when 197 is divided by 60.
17
What is the remainder when 235 is divided by 36?
19
What is the remainder when 805 is divided by 93?
61
What is the remainder when 12 is divided by 3?
0
Calculate the remainder when 456 is divided by 146.
18
Calculate the remainder when 2976 is divided by 985.
21
What is the remainder when 36 is divided by 15?
6
What is the remainder when 429 is divided by 26?
13
What is the remainder when 814 is divided by 19?
16
Calculate the remainder when 338 is divided by 158.
22
What is the remainder when 340 is divided by 72?
52
What is the remainder when 1796 is divided by 176?
36
Calculate the remainder when 1722 is divided by 25.
22
Calculate the remainder when 320 is divided by 12.
8
Calculate the remainder when 244 is divided by 87.
70
Calculate the remainder when 3 is divided by 1.
0
Calculate the remainder when 22592 is divided by 17.
16
Calculate the remainder when 979 is divided by 77.
55
Calculate the remainder when 179 is divided by 68.
43
Calculate the remainder when 335 is divided by 92.
59
What is the remainder when 20891 is divided by 18?
11
What is the remainder when 15478 is divided by 120?
118
Calculate the remainder when 2294 is divided by 66.
50
What is the remainder when 135 is divided by 6?
3
What is the remainder when 5314 is divided by 121?
111
Calculate the remainder when 13613 is divided by 184.
181
Calculate the remainder when 280 is divided by 26.
20
Calculate the remainder when 405 is divided by 68.
65
Calculate the remainder when 579 is divided by 20.
19
What is the remainder when 388 is divided by 126?
10
Calculate the remainder when 1402 is divided by 37.
33
What is the remainder when 213 is divided by 69?
6
Calculate the remainder when 726 is divided by 332.
62
What is the remainder when 13440 is divided by 26?
24
What is the remainder when 1022 is divided by 9?
5
What is the remainder when 760 is divided by 22?
12
Calculate the remainder when 176 is divided by 50.
26
Calculate the remainder when 939 is divided by 16.
11
Calculate the remainder when 222 is divided by 53.
10
Calculate the remainder when 387 is divided by 26.
23
Calculate the remainder when 1285 is divided by 31.
14
What is the remainder when 4552 is divided by 268?
264
What is the remainder when 217 is divided by 77?
63
What is the remainder when 3514 is divided by 325?
264
What is the remainder when 119 is divided by 34?
17
Calculate the remainder when 319 is divided by 65.
59
Calculate the remainder when 1854 is divided by 35.
34
Calculate the remainder when 1049 is divided by 306.
131
Calculate the remainder when 290 is divided by 8.
2
Calculate the remainder when 6253 is divided by 20.
13
Calculate the remainder when 230 is divided by 58.
56
Calculate the remainder when 46478 is divided by 40.
38
Calculate the remainder when 3716 is divided by 618.
8
What is the remainder when 176 is divided by 26?
20
What is the remainder when 41 is divided by 25?
16
What is the remainder when 828 is divided by 104?
100
Calculate the remainder when 13664 is divided by 173.
170
Calculate the remainder when 192 is divided by 43.
20
Calculate the remainder when 1768 is divided by 830.
108
Calculate the remainder when 378 is divided by 366.
12
Calculate the remainder when 1099 is divided by 69.
64
Calculate the remainder when 205 is divided by 26.
23
Calculate the remainder when 1164 is divided by 22.
20
Calculate the remainder when 1073 is divided by 214.
3
What is the remainder when 2391 is divided by 57?
54
What is the remainder when 6095 is divided by 100?
95
Calculate the remainder when 67 is divided by 13.
2
What is the remainder when 522 is divided by 500?
22
Calculate the remainder when 1851 is divided by 17.
15
What is the remainder when 425 is divided by 61?
59
Calculate the remainder when 75 is divided by 6.
3
Calculate the remainder when 183 is divided by 30.
3
What is the remainder when 28 is divided by 22?
6
Calculate the remainder when 190 is divided by 49.
43
Calculate the remainder when 1814 is divided by 32.
22
Calculate the remainder when 59 is divided by 6.
5
Calculate the remainder when 3031 is divided by 234.
223
What is the remainder when 79 is divided by 17?
11
What is the remainder when 28 is divided by 3?
1
Calculate the remainder when 127 is divided by 4.
3
Calculate the remainder when 104 is divided by 9.
5
Calculate the remainder when 1133 is divided by 63.
62
Calculate the remainder when 24 is divided by 23.
1
Calculate the remainder when 58 is divided by 29.
0
Calculate the remainder when 1410 is divided by 430.
120
What is the remainder when 4723 is divided by 1566?
25
Calculate the remainder when 178 is divided by 9.
7
What is the remainder when 